{"id":4533,"date":"2021-11-13T22:07:28","date_gmt":"2021-11-13T21:07:28","guid":{"rendered":"https:\/\/havelschule.de\/?page_id=4533"},"modified":"2025-04-28T15:23:47","modified_gmt":"2025-04-28T13:23:47","slug":"die-schuelervertretung","status":"publish","type":"page","link":"https:\/\/havelschule.de\/?page_id=4533","title":{"rendered":"Die Sch\u00fcler*innenvertretung"},"content":{"rendered":"<div id=\"pl-4533\"  class=\"panel-layout\" ><div id=\"pg-4533-0\"  class=\"panel-grid panel-no-style\" ><div id=\"pgc-4533-0-0\"  class=\"panel-grid-cell panel-grid-cell-empty\" ><\/div><\/div><div id=\"pg-4533-1\"  class=\"panel-grid panel-no-style\" ><div id=\"pgc-4533-1-0\"  class=\"panel-grid-cell\" ><div id=\"panel-4533-1-0-0\" class=\"so-panel widget widget_media_image panel-first-child\" data-index=\"0\" ><h3 class=\"widget-title\">Friedrich Mei\u00dfner (6e)<\/h3><img loading=\"lazy\" decoding=\"async\" width=\"225\" height=\"300\" src=\"https:\/\/havelschule.de\/wp-content\/uploads\/2025\/04\/image002-225x300.jpg\" class=\"image wp-image-7602  attachment-medium size-medium\" alt=\"\" style=\"max-width: 100%; height: auto;\" srcset=\"https:\/\/havelschule.de\/wp-content\/uploads\/2025\/04\/image002-225x300.jpg 225w, https:\/\/havelschule.de\/wp-content\/uploads\/2025\/04\/image002-768x1024.jpg 768w, https:\/\/havelschule.de\/wp-content\/uploads\/2025\/04\/image002-1152x1536.jpg 1152w, https:\/\/havelschule.de\/wp-content\/uploads\/2025\/04\/image002-1536x2048.jpg 1536w, https:\/\/havelschule.de\/wp-content\/uploads\/2025\/04\/image002-scaled.jpg 1920w\" sizes=\"auto, (max-width: 225px) 100vw, 225px\" \/><\/div><div id=\"panel-4533-1-0-1\" class=\"so-panel widget widget_sow-editor panel-last-child\" data-index=\"1\" ><div\n\t\t\t\n\t\t\tclass=\"so-widget-sow-editor so-widget-sow-editor-base\"\n\t\t\t\n\t\t><h3 class=\"widget-title\">Unser Sch\u00fcler*innensprecher<\/h3>\n<div class=\"siteorigin-widget-tinymce textwidget\">\n\t<p><em>Friedrich ist seit dem Schuljahr 2024\/2025 der neue Sch\u00fcler*innensprecher der Havelschule. Auf der ersten Konferenz der Sch\u00fcler*innen wurde er mit gro\u00dfer Mehrheit gew\u00e4hlt.\u00a0<\/em><\/p>\n<p><em>Wer denkt, dass der Schulleiter an der Havelschule alles entscheidet, t\u00e4uscht sich. Auch Eltern, Lehrer*innen und vor allem Sch\u00fcler*innen haben ein Mitspracherecht bei den wichtigen Entscheidungen, die die Schule betreffen: Wann beginnt der Unterricht? Wie soll der Schulhof aussehen? Was steht eigentlich in der Hausordnung?<\/em><\/p>\n<div class=\"page\" title=\"Page 10\">\n<div class=\"section\">\n<div class=\"layoutArea\">\n<div class=\"column\">\n<p><em>Euer eigenes Gremium ist die Konferenz der Sch\u00fcler*innen (\u00a7 84). Dort treffen sich alle gew\u00e4hlten Klassensprecher*innen einer Schule, um die Interessen aller Sch\u00fcler*innen der Schule zu vertreten sowie Probleme oder Anliegen aus einzelnen Klassen zu besprechen.<\/em><\/p>\n<\/div>\n<\/div>\n<\/div>\n<\/div>\n<p><em><span style=\"font-size: 1rem;\">Die Aufgaben einer Sch\u00fcler*innenvertretung sind sehr unterschiedlich, zum Beispiel kannst du Schulfeste planen\u00a0<\/span><span style=\"font-size: 1rem;\">oder Unterschriften f\u00fcr eine neue Sporthalle sammeln!\u00a0<\/span><\/em><\/p>\n<p><em>Wer konkrete Anliegen, Probleme oder Vorschl\u00e4ge und Ideen hat, kann Friedrich gerne pers\u00f6nlich ansprechen oder ihm eine Nachricht im Briefkasten der Sch\u00fcler*innenvertretung hinterlassen. Diesen findest du direkt neben dem B\u00fcro von unserer Sozialarbeiterin Frau Drischmann.<\/em><\/p>\n<\/div>\n<\/div><\/div><\/div><\/div><\/div>","protected":false},"excerpt":{"rendered":"","protected":false},"author":1,"featured_media":0,"parent":0,"menu_order":0,"comment_status":"closed","ping_status":"closed","template":"","meta":{"_uag_custom_page_level_css":"","footnotes":""},"class_list":["post-4533","page","type-page","status-publish","hentry"],"uagb_featured_image_src":{"full":false,"thumbnail":false,"medium":false,"medium_large":false,"large":false,"1536x1536":false,"2048x2048":false,"post-thumbnail":false,"worldstar-header-image":false,"worldstar-thumbnail-small":false,"tzwb-thumbnail":false,"sow-carousel-default":false},"uagb_author_info":{"display_name":"admin","author_link":"https:\/\/havelschule.de\/?author=1"},"uagb_comment_info":0,"uagb_excerpt":null,"_links":{"self":[{"href":"https:\/\/havelschule.de\/index.php?rest_route=\/wp\/v2\/pages\/4533","targetHints":{"allow":["GET"]}}],"collection":[{"href":"https:\/\/havelschule.de\/index.php?rest_route=\/wp\/v2\/pages"}],"about":[{"href":"https:\/\/havelschule.de\/index.php?rest_route=\/wp\/v2\/types\/page"}],"author":[{"embeddable":true,"href":"https:\/\/havelschule.de\/index.php?rest_route=\/wp\/v2\/users\/1"}],"replies":[{"embeddable":true,"href":"https:\/\/havelschule.de\/index.php?rest_route=%2Fwp%2Fv2%2Fcomments&post=4533"}],"version-history":[{"count":18,"href":"https:\/\/havelschule.de\/index.php?rest_route=\/wp\/v2\/pages\/4533\/revisions"}],"predecessor-version":[{"id":7603,"href":"https:\/\/havelschule.de\/index.php?rest_route=\/wp\/v2\/pages\/4533\/revisions\/7603"}],"wp:attachment":[{"href":"https:\/\/havelschule.de\/index.php?rest_route=%2Fwp%2Fv2%2Fmedia&parent=4533"}],"curies":[{"name":"wp","href":"https:\/\/api.w.org\/{rel}","templated":true}]}}