{"id":6948,"date":"2024-05-15T10:47:00","date_gmt":"2024-05-15T08:47:00","guid":{"rendered":"https:\/\/havelschule.de\/?page_id=6948"},"modified":"2025-12-05T06:37:11","modified_gmt":"2025-12-05T05:37:11","slug":"einschulung-ue1-verfahren","status":"publish","type":"page","link":"https:\/\/havelschule.de\/?page_id=6948","title":{"rendered":"Einschulung (\u00dc1-Verfahren)"},"content":{"rendered":"<div id=\"pl-6948\"  class=\"panel-layout\" ><div id=\"pg-6948-0\"  class=\"panel-grid panel-no-style\" ><div id=\"pgc-6948-0-0\"  class=\"panel-grid-cell\" ><div id=\"panel-6948-0-0-0\" class=\"so-panel widget widget_sow-editor panel-first-child\" data-index=\"0\" ><div\n\t\t\t\n\t\t\tclass=\"so-widget-sow-editor so-widget-sow-editor-base\"\n\t\t\t\n\t\t><h3 class=\"widget-title\">Schulanmeldung 2026\/2027<\/h3>\n<div class=\"siteorigin-widget-tinymce textwidget\">\n\t<div class=\"template-page template-page-effect\">\n<div class=\"row\">\n<div class=\"col-xs-12 col-sm-12 col-md-12\">\n<p class=\"tiny_p\">Liebe Eltern der zuk\u00fcnftigen Havelsch\u00fclerinnen und -sch\u00fcler,<\/p>\n<p>wir m\u00f6chten Sie herzlich an der Havelschule Oranienburg willkommen hei\u00dfen.<\/p>\n<\/div>\n<\/div>\n<\/div>\n<\/div>\n<\/div><\/div><div id=\"panel-6948-0-0-1\" class=\"so-panel widget widget_sow-editor panel-last-child\" data-index=\"1\" ><div\n\t\t\t\n\t\t\tclass=\"so-widget-sow-editor so-widget-sow-editor-base\"\n\t\t\t\n\t\t><h3 class=\"widget-title\">Online-Anmeldeverfahren<\/h3>\n<div class=\"siteorigin-widget-tinymce textwidget\">\n\t<div class=\"template-page template-page-effect\">\n<div class=\"row\">\n<div class=\"col-xs-12 col-sm-12 col-md-12\">\n<p class=\"tiny_p\"><span style=\"font-size: 1rem;\">Mit dem Online-Anmelde\u00adformular k\u00f6nnen Sie f\u00fcr Ihr Kind ganz einfach das Schul\u00adaufnahme\u00adverfahren starten. Pr\u00fcfen Sie bitte vorher unbedingt, ob die Havelschule f\u00fcr die Anschrift Ihres Kindes zust\u00e4ndig ist. <\/span><\/p>\n<p class=\"tiny_p\"><span style=\"font-size: 1rem;\">Dies k\u00f6nnen Sie ganz einfach auf der <a href=\"https:\/\/oranienburg.de\/einschulung\" target=\"_blank\" rel=\"noopener\">Webseite der Stadt Oranienburg<\/a> pr\u00fcfen.<\/span><\/p>\n<\/div>\n<\/div>\n<\/div>\n<\/div>\n<\/div><\/div><\/div><\/div><div id=\"pg-6948-1\"  class=\"panel-grid panel-no-style\" ><div id=\"pgc-6948-1-0\"  class=\"panel-grid-cell\" ><div id=\"panel-6948-1-0-0\" class=\"so-panel widget widget_sow-button panel-first-child panel-last-child\" data-index=\"2\" ><div\n\t\t\t\n\t\t\tclass=\"so-widget-sow-button so-widget-sow-button-flat-66466acb9e12-6948\"\n\t\t\t\n\t\t><div class=\"ow-button-base ow-button-align-center\"\n>\n\t\t\t<a\n\t\t\t\t\thref=\"https:\/\/oranienburg.de\/media\/custom\/2967_5069_1.PDF?1731677673\"\n\t\t\t\t\tclass=\"sowb-button ow-icon-placement-left ow-button-hover\" target=\"_blank\" rel=\"noopener noreferrer\" \t>\n\t\t<span>\n\t\t\t\n\t\t\tSchulbezirkssatzung\t\t<\/span>\n\t\t\t<\/a>\n\t<\/div>\n<\/div><\/div><\/div><div id=\"pgc-6948-1-1\"  class=\"panel-grid-cell\" ><div id=\"panel-6948-1-1-0\" class=\"so-panel widget widget_sow-button panel-first-child panel-last-child\" data-index=\"3\" ><div\n\t\t\t\n\t\t\tclass=\"so-widget-sow-button so-widget-sow-button-flat-66466acb9e12-6948\"\n\t\t\t\n\t\t><div class=\"ow-button-base ow-button-align-center\"\n>\n\t\t\t<a\n\t\t\t\t\thref=\"https:\/\/havelschule.de\/wp-content\/uploads\/2025\/11\/Einschulung-202627-04.11.2025-AllgemeinBekanntmachung-Strassenverzeichnis-Einschulung-202627-.pdf\"\n\t\t\t\t\tclass=\"sowb-button ow-icon-placement-left ow-button-hover\" target=\"_blank\" rel=\"noopener noreferrer\" \t>\n\t\t<span>\n\t\t\t\n\t\t\tStra\u00dfenverzeichnis\t\t<\/span>\n\t\t\t<\/a>\n\t<\/div>\n<\/div><\/div><\/div><div id=\"pgc-6948-1-2\"  class=\"panel-grid-cell\" ><div id=\"panel-6948-1-2-0\" class=\"so-panel widget widget_sow-button panel-first-child panel-last-child\" data-index=\"4\" ><div\n\t\t\t\n\t\t\tclass=\"so-widget-sow-button so-widget-sow-button-flat-66466acb9e12-6948\"\n\t\t\t\n\t\t><div class=\"ow-button-base ow-button-align-center\"\n>\n\t\t\t<a\n\t\t\t\t\thref=\"https:\/\/oranienburg.de\/Stadtleben\/Bildung-Soziales\/Schule-und-Bildung\/Grundschulen\/\"\n\t\t\t\t\tclass=\"sowb-button ow-icon-placement-left ow-button-hover\" target=\"_blank\" rel=\"noopener noreferrer\" \t>\n\t\t<span>\n\t\t\t\n\t\t\tGrundschulen\t\t<\/span>\n\t\t\t<\/a>\n\t<\/div>\n<\/div><\/div><\/div><div id=\"pgc-6948-1-3\"  class=\"panel-grid-cell\" ><div id=\"panel-6948-1-3-0\" class=\"so-panel widget widget_sow-button panel-first-child panel-last-child\" data-index=\"5\" ><div\n\t\t\t\n\t\t\tclass=\"so-widget-sow-button so-widget-sow-button-flat-66466acb9e12-6948\"\n\t\t\t\n\t\t><div class=\"ow-button-base ow-button-align-center\"\n>\n\t\t\t<a\n\t\t\t\t\thref=\"https:\/\/oranienburg.de\/einschulung\"\n\t\t\t\t\tclass=\"sowb-button ow-icon-placement-left ow-button-hover\" target=\"_blank\" rel=\"noopener noreferrer\" \t>\n\t\t<span>\n\t\t\t\n\t\t\tStadt Oranienburg\t\t<\/span>\n\t\t\t<\/a>\n\t<\/div>\n<\/div><\/div><\/div><\/div><div id=\"pg-6948-2\"  class=\"panel-grid panel-no-style\" ><div id=\"pgc-6948-2-0\"  class=\"panel-grid-cell\" ><div id=\"panel-6948-2-0-0\" class=\"so-panel widget widget_sow-editor panel-first-child\" data-index=\"6\" ><div\n\t\t\t\n\t\t\tclass=\"so-widget-sow-editor so-widget-sow-editor-base\"\n\t\t\t\n\t\t>\n<div class=\"siteorigin-widget-tinymce textwidget\">\n\t<div class=\"template-page template-page-effect\">\n<div class=\"row\">\n<div class=\"col-xs-12 col-sm-12 col-md-12\"><\/div>\n<\/div>\n<div class=\"row\">\n<div class=\"col-xs-12 col-sm-12 col-md-12\">\n<p class=\"tiny_p\"><a href=\"https:\/\/schulportal.brandenburg.de\/formulare-und-antraege\/ue-1-verfahren\">Anmeldung zum Schulaufnahmeverfahren f\u00fcr das Schuljahr 2026\/2027 - bitte hier klicken<\/a><\/p>\n<p class=\"tiny_p\">Die Termine f\u00fcr die Schulanmeldung werden ab Januar 2026 online zur Verf\u00fcgung stehen. Eltern von zur\u00fcckgestellten Kindern zum Schuljahr 2025\/2026 m\u00fcssen sich ebenfalls anmelden.<\/p>\n<p class=\"tiny_p\">Wenn Sie keine M\u00f6glichkeit zur Online-Schulanmeldung haben, k\u00f6nnen Sie <strong>am Dienstag, d. 06.01.2026 in der Zeit von 9:00 - 14:00 Uhr<\/strong> telefonisch einen Termin im Sekretariat der Havelschule (03301\/582002) vereinbaren.<\/p>\n<p>&nbsp;<\/p>\n<\/div>\n<\/div>\n<\/div>\n<\/div>\n<\/div><\/div><div id=\"panel-6948-2-0-1\" class=\"so-panel widget widget_sow-editor\" data-index=\"7\" ><div\n\t\t\t\n\t\t\tclass=\"so-widget-sow-editor so-widget-sow-editor-base\"\n\t\t\t\n\t\t><h3 class=\"widget-title\">Vor-Ort-Termin<\/h3>\n<div class=\"siteorigin-widget-tinymce textwidget\">\n\t<div class=\"template-page template-page-effect\">\n<div class=\"row\">\n<div class=\"col-xs-12 col-sm-12 col-md-12\">\n<p class=\"tiny_p\"><span style=\"font-size: 1rem;\">Bitte bringen Sie zum <\/span><strong style=\"font-size: 1rem;\">Vor-Ort-Termin <\/strong><span style=\"font-size: 1rem;\">mit Ihrem Kind folgende Dokumente mit:<\/span><\/p>\n<\/div>\n<\/div>\n<div class=\"row\">\n<div class=\"col-xs-12 col-sm-12 col-md-12\">\n<p class=\"tiny_p\">1. <a title=\"Schulanmeldebogen (\u00f6ffnet neues Fenster) (\u00f6ffnet neues Fenster)\" href=\"https:\/\/havelschule.de\/wp-content\/uploads\/2025\/11\/Anmeldebogen-Ue1-2026-27.pdf\" target=\"_blank\" rel=\"noopener\">Schulanmeldebogen - bitte hier klicken<\/a><br \/>\n2. Impfbuch des Kindes mit Masernschutznachweis (zur Einsicht)<br \/>\n3. Geburtsurkunde des Kindes (zur Einsicht)<br \/>\n4. Sprachstandsfeststellung aus der Kita<br \/>\n5. Erkl\u00e4rung zur elterlichen Sorge\/Vollmacht bzw. Negativnachweis bei Alleinerziehenden <a href=\"https:\/\/havelschule.de\/wp-content\/uploads\/2024\/05\/160524_Zimmermann_Vollmacht-Schulangelegenheiten-Ue7.pdf\" target=\"_blank\" rel=\"noopener\">(Vorlage - hier klicken)<\/a><br \/>\n6. <a title=\"Erkl\u00e4rung zur Schweigepflichtentbindung - hier klicken (\u00f6ffnet neues Fenster) (\u00f6ffnet neues Fenster)\" href=\"https:\/\/daten2.verwaltungsportal.de\/dateien\/seitengenerator\/289017b993d1a4f6e7870224a3e1382d183413\/Schweigepflichtentbindung.pdf\" target=\"_blank\" rel=\"noopener\">Erkl\u00e4rung zur Schweigepflichtentbindung - bitte hier klicken (nur relevant bei Antrag auf Zur\u00fcckstellung)<\/a><\/p>\n<\/div>\n<\/div>\n<\/div>\n<div id=\"content_footer\" class=\"no-print\" role=\"region\" aria-label=\"Soziale Netzwerke und Funktionen\"><a href=\"https:\/\/havelschule.de\/wp-content\/uploads\/2024\/05\/Bildschirmfoto-2024-05-15-um-11.53.28.png\" data-rel=\"lightbox-image-0\" data-rl_title=\"\" data-rl_caption=\"\" title=\"\"><img loading=\"lazy\" decoding=\"async\" class=\"alignleft size-medium wp-image-6957\" src=\"https:\/\/havelschule.de\/wp-content\/uploads\/2024\/05\/Bildschirmfoto-2024-05-15-um-11.53.28-300x254.png\" alt=\"\" width=\"300\" height=\"254\" srcset=\"https:\/\/havelschule.de\/wp-content\/uploads\/2024\/05\/Bildschirmfoto-2024-05-15-um-11.53.28-300x254.png 300w, https:\/\/havelschule.de\/wp-content\/uploads\/2024\/05\/Bildschirmfoto-2024-05-15-um-11.53.28-768x651.png 768w, https:\/\/havelschule.de\/wp-content\/uploads\/2024\/05\/Bildschirmfoto-2024-05-15-um-11.53.28.png 996w\" sizes=\"auto, (max-width: 300px) 100vw, 300px\" \/><\/a>Um einen reibungslosen Ablauf zu gew\u00e4hrleisten, finden Sie sich bitte 15 Minuten vor dem Termin in der Schule (unter dem Vordach des Neubaus) ein. W\u00e4hrend Sie mit dem Sekretariat die Anmeldemodalit\u00e4ten bearbeiten, hat ihr Kind eine Probeunterrichtsstunde (ca. 45 min) in einer kleinen Lerngruppe mit unseren Lehrkr\u00e4ften.<\/div>\n<\/div>\n<\/div><\/div><div id=\"panel-6948-2-0-2\" class=\"so-panel widget widget_sow-editor\" data-index=\"8\" ><div\n\t\t\t\n\t\t\tclass=\"so-widget-sow-editor so-widget-sow-editor-base\"\n\t\t\t\n\t\t><h3 class=\"widget-title\">Zur\u00fcckstellung vom Schulbesuch<\/h3>\n<div class=\"siteorigin-widget-tinymce textwidget\">\n\t<div class=\"template-page template-page-effect\">\n<div class=\"row\">\n<div class=\"col-xs-12 col-sm-12 col-md-12\">\n<p class=\"tiny_p\"><span style=\"font-size: 1rem;\">Wenn Ihr Kind vom Schulbesuch <\/span><strong style=\"font-size: 1rem;\">zur\u00fcckgestellt<\/strong><span style=\"font-size: 1rem;\"> werden soll, f\u00fcllen Sie bitte den Antrag auf Zur\u00fcckstellung aus und bringen ihn zum Vor-Ort-Termin mit. Alle Sorgeberechtigten m\u00fcssen unterschreiben (Ausnahme: Vollmacht liegt vor!).<\/span><\/p>\n<\/div>\n<\/div>\n<div class=\"row\">\n<div class=\"col-xs-12 col-sm-12 col-md-12\">\n<p class=\"tiny_p\"><a title=\"Antrag auf Zur\u00fcckstellung vom Schulbesuch - hier klicken (\u00f6ffnet neues Fenster) (\u00f6ffnet neues Fenster)\" href=\"https:\/\/daten2.verwaltungsportal.de\/dateien\/seitengenerator\/289017b993d1a4f6e7870224a3e1382d183413\/Antrag_auf_Zur_ckstellung.pdf\" target=\"_blank\" rel=\"noopener\">Antrag auf Zur\u00fcckstellung vom Schulbesuch - bitte hier klicken<\/a><\/p>\n<\/div>\n<\/div>\n<\/div>\n<\/div>\n<\/div><\/div><div id=\"panel-6948-2-0-3\" class=\"so-panel widget widget_sow-editor\" data-index=\"9\" ><div\n\t\t\t\n\t\t\tclass=\"so-widget-sow-editor so-widget-sow-editor-base\"\n\t\t\t\n\t\t><h3 class=\"widget-title\">Vorzeitige Einschulung<\/h3>\n<div class=\"siteorigin-widget-tinymce textwidget\">\n\t<div class=\"template-page template-page-effect\">\n<div class=\"row\">\n<div class=\"col-xs-12 col-sm-12 col-md-12\">\n<p>Wenn ihr Kind <strong>vorzeitig<\/strong> zur Schule angemeldet werden soll, <span style=\"font-size: 1rem;\">f\u00fcllen Sie bitte den Antrag auf vorzeitige Einschulung aus und schicken ihn per Post an die Schule. Alle Sorgeberechtigten m\u00fcssen unterschreiben (Ausnahme: Vollmacht liegt vor!).<\/span><\/p>\n<p class=\"tiny_p\"><a title=\"Antrag auf vorzeitige Einschulung (\u00f6ffnet neues Fenster) (\u00f6ffnet neues Fenster)\" href=\"https:\/\/havelschule.de\/wp-content\/uploads\/2025\/11\/2026_2027_Antrag_vorzeitige_Einschulung.pdf\" target=\"_blank\" rel=\"noopener\">Antrag auf vorzeitige Einschulung - bitte hier klicken<\/a><\/p>\n<\/div>\n<\/div>\n<\/div>\n<\/div>\n<\/div><\/div><div id=\"panel-6948-2-0-4\" class=\"so-panel widget widget_sow-editor\" data-index=\"10\" ><div\n\t\t\t\n\t\t\tclass=\"so-widget-sow-editor so-widget-sow-editor-base\"\n\t\t\t\n\t\t><h3 class=\"widget-title\">Antrag auf Umschulung<\/h3>\n<div class=\"siteorigin-widget-tinymce textwidget\">\n\t<div class=\"template-page template-page-effect\">\n<div class=\"row\">\n<div class=\"col-xs-12 col-sm-12 col-md-12\">\n<p class=\"tiny_p\"><span style=\"font-size: 1rem;\">Wenn Ihr Kind eine <\/span><strong style=\"font-size: 1rem;\">andere als die zust\u00e4ndige Grundschule<\/strong><span style=\"font-size: 1rem;\"> besuchen soll, sollten Sie das online mit angeben. Bitte bringen sie zus\u00e4tzlich nachfolgendes Dokument mit in die Schule. Alle Sorgeberechtigten m\u00fcssen unterschreiben (Ausnahme: Vollmacht liegt vor!).<\/span><\/p>\n<\/div>\n<\/div>\n<div class=\"row\">\n<div class=\"col-xs-12 col-sm-12 col-md-12\">\n<p class=\"tiny_p\"><a title=\"Antrag lt. \u00a7106 Umschulung (\u00f6ffnet neues Fenster) (\u00f6ffnet neues Fenster)\" href=\"https:\/\/daten2.verwaltungsportal.de\/dateien\/seitengenerator\/289017b993d1a4f6e7870224a3e1382d183413\/Antrag_106_blanko_NEU_per_12.2023_1.pdf\" target=\"_blank\" rel=\"noopener\">Antrag lt. \u00a7106 Umschulung - bitte hier klicken<\/a><\/p>\n<\/div>\n<\/div>\n<\/div>\n<\/div>\n<\/div><\/div><div id=\"panel-6948-2-0-5\" class=\"so-panel widget widget_sow-editor panel-last-child\" data-index=\"11\" ><div\n\t\t\t\n\t\t\tclass=\"so-widget-sow-editor so-widget-sow-editor-base\"\n\t\t\t\n\t\t><h3 class=\"widget-title\">\u00c4rztliche Schuleingangsuntersuchung<\/h3>\n<div class=\"siteorigin-widget-tinymce textwidget\">\n\t<div class=\"template-page template-page-effect\">\n<div class=\"row\">\n<div class=\"col-xs-12 col-sm-12 col-md-12\">\n<p class=\"tiny_p\"><span style=\"font-size: 1rem;\">Einen Termin zur <\/span><strong style=\"font-size: 1rem;\">\u00e4rztlichen Schuleingangsuntersuchung<\/strong><span style=\"font-size: 1rem;\"> buchen Sie bitte unter:<\/span><\/p>\n<\/div>\n<\/div>\n<div class=\"row\">\n<div class=\"col-xs-12 col-sm-12 col-md-12\">\n<p class=\"tiny_p\">F\u00fcr die Terminvergabe der Schuleingangsuntersuchung bitten wir Sie, einen Onlinetermin beim Gesundheitsamt zu vereinbaren.<\/p>\n<p><a href=\"https:\/\/www.oberhavel.de\/Einschulungsuntersuchung\" target=\"_blank\" rel=\"noopener\">Termin vereinbaren - Hier klicken!<\/a><\/p>\n<p><img loading=\"lazy\" decoding=\"async\" class=\"alignleft size-medium wp-image-8232\" src=\"https:\/\/havelschule.de\/wp-content\/uploads\/2025\/12\/QR-Code-GA-300x300.jpg\" alt=\"\" width=\"300\" height=\"300\" srcset=\"https:\/\/havelschule.de\/wp-content\/uploads\/2025\/12\/QR-Code-GA-300x300.jpg 300w, https:\/\/havelschule.de\/wp-content\/uploads\/2025\/12\/QR-Code-GA-150x150.jpg 150w, https:\/\/havelschule.de\/wp-content\/uploads\/2025\/12\/QR-Code-GA-80x80.jpg 80w, https:\/\/havelschule.de\/wp-content\/uploads\/2025\/12\/QR-Code-GA.jpg 367w\" sizes=\"auto, (max-width: 300px) 100vw, 300px\" \/><\/p>\n<p>&nbsp;<\/p>\n<p>&nbsp;<\/p>\n<p>&nbsp;<\/p>\n<p>&nbsp;<\/p>\n<p>&nbsp;<\/p>\n<p>&nbsp;<\/p>\n<p>&nbsp;<\/p>\n<p class=\"tiny_p\">Ihr Team der Havelschule<\/p>\n<\/div>\n<\/div>\n<\/div>\n<div class=\"cleaner\"><\/div>\n<div id=\"content_footer\" class=\"no-print\" role=\"region\" aria-label=\"Soziale Netzwerke und Funktionen\"><\/div>\n<\/div>\n<\/div><\/div><\/div><\/div><\/div>","protected":false},"excerpt":{"rendered":"","protected":false},"author":1,"featured_media":0,"parent":0,"menu_order":0,"comment_status":"closed","ping_status":"closed","template":"","meta":{"_uag_custom_page_level_css":"","footnotes":""},"class_list":["post-6948","page","type-page","status-publish","hentry"],"uagb_featured_image_src":{"full":false,"thumbnail":false,"medium":false,"medium_large":false,"large":false,"1536x1536":false,"2048x2048":false,"post-thumbnail":false,"worldstar-header-image":false,"worldstar-thumbnail-small":false,"tzwb-thumbnail":false,"sow-carousel-default":false},"uagb_author_info":{"display_name":"admin","author_link":"https:\/\/havelschule.de\/?author=1"},"uagb_comment_info":0,"uagb_excerpt":null,"_links":{"self":[{"href":"https:\/\/havelschule.de\/index.php?rest_route=\/wp\/v2\/pages\/6948","targetHints":{"allow":["GET"]}}],"collection":[{"href":"https:\/\/havelschule.de\/index.php?rest_route=\/wp\/v2\/pages"}],"about":[{"href":"https:\/\/havelschule.de\/index.php?rest_route=\/wp\/v2\/types\/page"}],"author":[{"embeddable":true,"href":"https:\/\/havelschule.de\/index.php?rest_route=\/wp\/v2\/users\/1"}],"replies":[{"embeddable":true,"href":"https:\/\/havelschule.de\/index.php?rest_route=%2Fwp%2Fv2%2Fcomments&post=6948"}],"version-history":[{"count":37,"href":"https:\/\/havelschule.de\/index.php?rest_route=\/wp\/v2\/pages\/6948\/revisions"}],"predecessor-version":[{"id":8233,"href":"https:\/\/havelschule.de\/index.php?rest_route=\/wp\/v2\/pages\/6948\/revisions\/8233"}],"wp:attachment":[{"href":"https:\/\/havelschule.de\/index.php?rest_route=%2Fwp%2Fv2%2Fmedia&parent=6948"}],"curies":[{"name":"wp","href":"https:\/\/api.w.org\/{rel}","templated":true}]}}